+ 3*s - 1. Let n be c(-2). Let h be (-4)/((6/(-9))/(n/10)). Determine x(h).
6
Let q(j) = j**2 + 4 - 6 - 5 + j. Let m = 51 + 4. Let v = -55 + m. What is q(v)?
-7
Let g = 9914 + -9920. Let b(q) = -q**2 + 4*q + 6. Let s(u) = -6*u**2 + 20*u + 31. Let o(l) = 11*b(l) - 2*s(l). What is o(g)?
16
Suppose -4*g = -g, -2*v - 2 = g. Let l be v/(-3)*(-42)/14. Let p(r) be the third derivative of 13*r**6/120 + r**5/60 + r**4/24 - 5*r**2. What is p(l)?
-13
Let c(u) = u**2 - 9*u + 21. Let f(x) = -8*x - 154. Let g be f(-20). What is c(g)?
3
Let s(r) = r**2 + 4*r - 8. Let a = 5 + -1. Suppose -5*z - 20 = -4*p, -p = 2*z - a*p + 1. Determine s(z).
24
Let g be (-1 - 3)*(-3)/6. Let y(z) = 11*z**g + 3 - 2 - 1. Suppose 0 = 3*o + 2 + 1. Give y(o).
11
Suppose -10 = -8*g + 14. Let y(r) = 16262 - 2*r**g - 16262 + r**3 + 2*r**2. Let x = 10 - 7. What is y(x)?
-9
Let f(n) = 4*n**2 - 7*n - 9. Suppose 11*g + 80 - 36 = 0. Give f(g).
83
Suppose 0 = -3*o + 5*p + 2, -3*o - 3*p - 38 = 2*p. Let z = 10 + o. Suppose -3*f - 31 = -4*a, 3*a - 40 = -2*a + z*f. Let k(j) = -2*j - 3. Calculate k(a).
-11
Let l(x) = 5*x - 8. Suppose 5*v + 252 = 202. Determine l(v).
-58
Let r(g) = -g**3 - 10*g**2 - 9*g + 6. Suppose -3*k - 2*a = -233, 5*k + a - 4*a = 382. Suppose 0 = -5*x - 4*i + 12 - k, 3*i - 21 = 4*x. Give r(x).
6
Let q(g) = -g**2 + 6*g + 8. Suppose 23*s - 31 = 84. Determine q(s).
13
Let l(k) be the third derivative of k**5/30 - 5*k**3/3 + 4*k**2. Let t(z) be the first derivative of l(z). Let q = -2 + 1. Determine t(q).
-4
Let b(y) = y**3 - 4. Let h(l) = 7*l**3 - 6*l**2 - 2*l - 29. Let r(q) = -6*b(q) + h(q). Calculate r(5).
-40
Let n(g) = -12*g**3 + 3*g**2 + 7*g + 1. Let o(p) = 5*p**3 - 2*p**2 - 3*p. Let m(i) = -3*n(i) - 7*o(i). What is m(-5)?
-3
Suppose 5*l - 7*p - 21 = -3*p, -17 = -5*l + 3*p. Let y = 4 - -2. Let v = l - y. Let h(w) = -w**2 - 5*w - 2. Calculate h(v).
-2
Let k(t) = t**3 + 9*t**2 + t - 4. Let g = -344 - -336. Give k(g).
52
Let g(j) be the second derivative of -1/3*j**3 + 0 + 5*j - 1/3*j**4 + 0*j**2. Give g(-2).
-12
Let n(j) = 11*j**2 - j - 25. Let u(v) = -14 + 4 + 2 - v + 5*v**2 - 4. Let k(g) = -6*n(g) + 13*u(g). What is k(-7)?
-6
Let d be (-1 - 3)*(-4060)/10. Let j(g) = 6*g**2 + d - 1624 - g**3. What is j(6)?
0
Let w(y) = -3033*y**2 - 14*y**3 + 18*y**3 + y + 3031*y**2. Determine w(1).
3
Let l(y) = -y**3 - y**2 + y + 1. Let s(k) = 6*k**3 + 10*k**2 - 10*k. Let x(d) = -5*l(d) - s(d). What is x(-5)?
-30
Let n(d) = -d - 3. Suppose 0*s + 5*s + 10 = 5*j, 4*j + 3*s = 29. Suppose 4*h - 2 = -2*q, -j*h + 0*h = 4*q - 19. Suppose -3*z = q + 1. What is n(z)?
1
Let o be -1 + 1 + 1 + -1. Let p(j) = -j + 4. Let q(r) = 5*r - 18. Let d(v) = -4*p(v) - q(v). What is d(o)?
2
Let m(i) = 7*i - 9. Let z(n) = 3 + 6*n - 6 - 5 - n. Let h(g) = -2*m(g) + 3*z(g). Give h(-5).
-11
Let y(l) = -4*l - 1. Let q = -46 - -31. Let x be q/(-35) + 4/7. Let i(b) = -2*b - 2. Let v be i(x). Give y(v).
15
Let g = 143 + -141. Let f(h) = 8*h**2 - h. Determine f(g).
30
Let t(g) = -g**3 - 3*g**2. Let p(v) = v**3 + 10*v**2 + 17*v + 5. Let m be p(-8). Calculate t(m).
0
Suppose 0 = -3*o + 6, 0 = 3*h + 3*o + 29 - 14. Let d(y) = 3*y**2 + 24*y + 13. Give d(h).
-8
Let n(k) = 3*k**3 + 8*k**2 - 2. Let c(h) = -2*h**3 - 4*h**2 + 1. Let z(p) = 5*c(p) + 3*n(p). Let b be 39/12 + 18/(-72). Calculate z(b).
8
Let j(v) be the third derivative of -v**4/24 + v**3/6 + v**2. Suppose -2*w = 7*w - 9. Determine j(w).
0
Let u(l) = -l**2 + 17*l - 7. Let h = 900 - 884. What is u(h)?
9
Suppose 2*k = -l - 6, l + 5*k + 4 = -5. Let w(o) = o + 15. Let m be w(-14). Let t(p) = -m + 5*p**3 - 6*p**3 - 6*p + 2*p**2 + 2*p**3. Give t(l).
-9
Let i(h) = -36 + 78 + 18*h**2 + 2*h - 44. Calculate i(1).
18
Let y = 551 - 551. Let b(d) = -d**2 + d**3 + 2 - 2. Calculate b(y).
0
Let v = -33 + 29. Let b(f) = f + 8. Let g be b(v). Let p(d) be the second derivative of -d**3/6 + d**2 - 3*d. Determine p(g).
-2
Let s(y) be the second derivative of 2*y**3/3 + 5*y - 3. Calculate s(4).
16
Let z(a) = 13*a**3 + 3*a**2 + 5*a + 15. Let k(t) = -7*t**3 - 2*t**2 - 3*t - 9. Let x(m) = 5*k(m) + 3*z(m). Determine x(-1).
-5
Let p(t) = -t**3 - 8*t**2 - 9*t + 1. Suppose -6 + 69 = -9*w. Give p(w).
15
Let d(t) be the second derivative of -t**5/60 + t**4/4 + 4*t**3/3 - 9*t**2 + 9*t - 3. Let f(h) be the first derivative of d(h). Determine f(7).
1
Let w(t) be the third derivative of t**6/120 + 13*t**5/60 + t**4/24 + 5*t**3/2 + t**2 + 6*t. What is w(-13)?
2
Let u(m) = 594*m**3 - 289*m**3 - 304*m**3 + 2*m - 1. Give u(-3).
-34
Let l(d) = -d**3 + 5*d**2 - 4*d. Let v = 52 - 60. Let m be (10/v)/(0 - (-4)/(-16)). What is l(m)?
-20
Let f(w) = w**3 + 7*w**2. Let v be (0 - (-72)/9) + -15. Determine f(v).
0
Suppose -8 + 9 = -j + 4*o, -5 = -3*j + 4*o. Let v(q) = -4 - j - 4 + 2 - q. Give v(-11).
2
Let c(f) = -f - 10. Let g(k) = k**3 - 2*k**2 + 3*k - 3. Let p be g(2). Suppose 0 = 4*r + l + 40 - p, 5*l = -25. Give c(r).
-2
Let o = -94 + 105. Suppose 2*m + 12 = -2*c, m + 2*c + o = -0*m. Let t(z) = z**2 - z - 1. Let b(j) = 6*j**2 - 5*j - 5. Let a(r) = 2*b(r) - 11*t(r). What is a(m)?
1
Let q(d) = -d**2 + 14*d - 30. Let f be q(11). Suppose f*a - 40 = -7*a. Let j(y) = -2*y**2 + 7*y - 4. Determine j(a).
-8
Let a = -51 + 30. Let s = a - -49. Suppose 2*r + s = -5*v, -4*r - 3*v - 28 = -0. Let n(m) = m**3 + 6*m**2 + 5*m - 4. Determine n(r).
8
Let g = 2086 - 2094. Let k(h) = h**3 + 7*h**2 - 10*h - 10. Calculate k(g).
6
Let i(s) = -s**2 - 3*s. Let n(b) = b**2 + b + 1. Let f(u) = -3*i(u) - 2*n(u). Let c be (2 - 0)*14/(-4). What is f(c)?
-2
Let o(s) = 3*s**3 + s - 1. Suppose -182 = 3*q - z, 3*q - 174 = 6*q - 3*z. Let k = -60 - q. Give o(k).
25
Let q(t) = -19*t + 1. Let v(m) = 50*m - 3. Let g(b) = 3*q(b) + v(b). Calculate g(-3).
21
Let f(x) = 2*x**3 + 15*x**2 - 3*x - 62. Let t be f(-7). Let b(w) be the first derivative of w**3/3 - 4*w**2 - 2*w + 1. What is b(t)?
-2
Let r(l) be the first derivative of 7*l**4/4 - l**3/3 - l**2 + l - 545. Give r(-2).
-55
Suppose 6*w - 3*w = 0. Let h = -16 + 22. Let o(x) = h + x**2 - 5*x - 8*x + 14*x. Determine o(w).
6
Let k(r) = -1 - 8*r**2 + 9*r**2 + 2*r - 7*r. Let t be 5/25 - (-2)/(-10). Suppose 3*q = -5*v + 2*v, 3*q - v - 16 = t. What is k(q)?
-5
Let x(z) = z**3 + 35*z**2 + 27*z - 243. Let i be x(-34). Let m(j) = j**3 + 6*j**2 + 2*j - 3. What is m(i)?
12
Let q(j) = -j**3 - 2*j**2 + 12*j - 2. Suppose 18*i - 21*i = -3*w + 27, 3*i = 5*w - 35. What is q(i)?
13
Let r = -9 + 11. Suppose 12 = 5*z - 3*y, -r*y = -3*z - 5*y + 12. Suppose 2*a - 6 = -g + z*g, -g = 5*a + 3. Let u(b) = -2*b - 4. What is u(g)?
2
Let l(o) = 19 + 4*o - 12*o - 3*o + 0 + o**2. What is l(9)?
1
Let q(n) be the third derivative of n**6/360 - n**5/60 - n**4/24 - n**2. Let j(b) be the second derivative of q(b). Let o be 9/(-2)*36/(-81). Determine j(o).
2
Let b(i) = i**3 - 5*i**2 + 2*i - 7. Let k be b(5). Let u(s) = -17*s - s - 5*s - 7*s + 34*s - 3. Determine u(k).
9
Let y = 11 - 19. Suppose 25 - 2 = -5*u - 3*d, 3*u + 5*d + 17 = 0. Let b = y - u. Let a(g) = g**2 + 5*g - 3. Give a(b).
-7
Let h = -15 - -5. Let n be h/4*(-4)/10. Let z(q) = 4 - 2 + 5 - q - n. What is z(0)?
6
Let s(x) = -9*x + 1. Let n be s(1). Let d(i) = -5*i**3 - 4*i**2 + 6*i - 8. Let u(v) = -2*v**3 - v**2 + 2*v - 3. Let j(a) = n*u(a) + 3*d(a). Calculate j(4).
8
Let h be (-2262)/(-4056) + 8/(-26). Let b(w) be the first derivative of -3*w**2 - 8*w + 7/3*w**3 + 2 - h*w**4. Determine b(6).
-8
Let t(f) = -f + 5 - 3 + 3*f - 4*f**2. Let w = -83 - -85. Calculate t(w).
-10
Suppose -231*l + 30 = -228*l. Let f(y) = 3*y - 36. Calculate f(l).
-6
Let c(m) be the third derivative of m**4/24 + 97*m**2. Let y = 5 + 0. What is c(y)?
5
Let i be (-3)/(6/(-2))*5. Let u(a) = -1 + 9 + 0 + 5*a + 7 - a**2 - 14. Determine u(i).
1
Let x(k) = k**3 + 15*k**2 + 15*k + 10. Let r(o) = 13*o - 222. Let y be r(16). Determine x(y).
-4
Let i(w) = 18 - 50*w + 36*w + 13*w**2 + 0*w**3 - w**3. Calculate i(12).
-6
Let w(n) = 6*n - 1. Let s = -1103 + 1104. Give w(s).
5
Let h(u) = u**3 - 6*u**2 - u + 7. Let b(l) = l**3 + 9*l**2 + 11*l + 18. Let k be b(-8). Let p(q) = q**2 + 4*q - 6. Let d be p(k). Give h(d).
1
Suppose -10 = -5*o + 5. Suppose -2*z + 3*d = z - 6, o*z = -5*d - 2. Let x(q) = 14*q. Determine x(z).
14
Suppose -11*h + 12*h = 0. Suppose -3*w = w - 4*i + 36, h = -2*i - 2. Let q be (25/w + 3)*14. Let z(o) =